 the highest common divisor of o and 33.
33
Suppose -2*w + 6 = 0, -5*f + 4312 = 5*w - 12128. Calculate the highest common divisor of 45 and f.
45
Let o(q) = q**3 - 5*q**2 + 25*q - 46. Let g be o(10). What is the highest common factor of 80 and g?
16
Let x(g) = -3*g - 15. Let b be x(-12). Suppose v - 7*v + 168 = 0. Calculate the greatest common factor of b and v.
7
Let z(n) = n**3 + 6*n**2 + 8*n + 2. Let d be z(-4). Suppose -4*c + 254 = 2*q, 213 = c + d*c - 3*q. What is the greatest common factor of 11 and c?
11
Suppose 17*f - 1217 + 299 = 0. What is the greatest common divisor of f and 6?
6
Suppose -o + 17 = -5*d, 59 - 20 = -3*o - 3*d. Let a = o + 5. Let h be ((-24)/(-10))/(a/(-45)). Calculate the highest common divisor of h and 4.
4
Suppose -17*y + 46 = -15*y. What is the highest common divisor of 713 and y?
23
Let o = 22 - 20. Suppose 0*d + o*d = 140. Calculate the greatest common divisor of d and 10.
10
Let r(n) = -2*n**3 - n**2 + 5*n + 6. Let h be r(-4). Let t be 3/15 - 5/25. Suppose 3*u - 10 - 32 = t. What is the highest common divisor of u and h?
14
Suppose 39*m = 37*m + 42. Suppose 8*s = o + 4*s - m, 18 = 3*o + 3*s. Calculate the highest common factor of o and 36.
9
Let a = -25 + 44. Let x = a + 26. Calculate the greatest common divisor of 30 and x.
15
Let f = 850 + -334. Calculate the highest common factor of 12 and f.
12
Let r(l) = l. Let g be r(18). Let b be ((-20)/(-15))/(2/g). Calculate the greatest common factor of b and 96.
12
Let h be ((-3)/4)/((-2)/24). Let p(v) = v**3 - 7*v**2 - 8*v + 2. Let t be p(8). Suppose 0 = -2*j - 0 + t. What is the greatest common factor of h and j?
1
Let m be 2/5 + (-2648)/20. Let q = m + 324. Let b = -22 - -46. What is the highest common factor of q and b?
24
Suppose -10*f + 26 - 6 = 0. Calculate the highest common factor of f and 128.
2
Let r(l) = -41*l + 54. Let p be r(1). Suppose 2*q - 57 = 73. Calculate the highest common divisor of q and p.
13
Let r = 715 + -714. What is the greatest common divisor of 233 and r?
1
Let c = -101 - -197. Suppose -5*h - c = -6*h. Let p be -3 + 1 - 7*-2. Calculate the highest common factor of h and p.
12
Let k(r) = -r**3 + 2*r**2 + 5*r - 7. Let a be k(3). Let t(n) = 39*n**2 - 4*n - 4. Let c be t(a). Calculate the highest common factor of c and 78.
39
Suppose 266 = 3*x - d - 110, -3*x - d + 380 = 0. Suppose 3*m - 43 = -v, -49*m + 47*m + v = -27. Calculate the highest common divisor of m and x.
14
Let i = -22 + 39. Let s(q) = 2*q**3 - 2*q**2 - 19*q - 59. Let k be s(6). What is the greatest common divisor of k and i?
17
Suppose 3*s - 3*x = 2*s + 31, -82 = -4*s - 2*x. Suppose 662 = 5*u - 108. What is the greatest common factor of u and s?
22
Suppose -4*t - 20 = 0, -13*c + 2*t = -10*c - 2800. What is the greatest common divisor of 60 and c?
30
Let i be 2/4*(-18)/(-3). Suppose -29 = -5*s + 3*g, -3*s + 2*g = -14 - i. Let q be 828/42 + 2/s. Calculate the highest common divisor of 20 and q.
20
Let x(j) = 5*j**2 - j + 1. Let s be x(1). Suppose 0*k - s*k = -150. Calculate the highest common factor of 30 and k.
30
Suppose 287 = 27*m - 307. Calculate the greatest common factor of 319 and m.
11
Suppose -3*s = -0*s - 12. Suppose -3*l - v + 595 = 0, s*l - 4*v - 597 = 191. Calculate the greatest common factor of 18 and l.
18
Let s be (2*8)/((-1800)/(-126) + -14). What is the greatest common factor of 1624 and s?
56
Let r(k) = -23 + k + k + 54 - 5*k. Let p be r(5). Calculate the greatest common divisor of 112 and p.
16
Let a be (9/9)/(2/(-22)). Let b = a + 14. Let t = b - -1. What is the greatest common divisor of t and 20?
4
Let n be -4 + (10/(-2))/(-1). Suppose -b = -2*m + 3 - 2, 2*m + n = 3*b. What is the highest common divisor of m and 9?
1
Let r(t) = 2*t + 3. Let p be r(4). Let d be 4/42*18 + (-6)/(-21). Suppose d*g = -2*z + 172, -g - 17 = -4*z + 337. What is the highest common divisor of p and z?
11
Let u(c) = -c**3 - 7*c**2 - 8*c - 10. Suppose -3*t - 5*t = 48. Let w be u(t). What is the highest common factor of w and 5?
1
Suppose 3*t + 3*i - 45 = 0, -3*i + 0*i + 6 = 0. Let w = 14 - t. What is the greatest common factor of w and 4?
1
Let i be -1 + (-9)/(63/140). Suppose 0 = -2*a - a + 123. Let d = a + i. What is the highest common factor of 50 and d?
10
Let n be (-4)/(-22) - ((-38208)/33 - 1). Calculate the highest common divisor of 61 and n.
61
Let j(h) = -h**3 + 17*h**2 - 14*h - 21. Let z be (-4)/(-4)*-5 + 21. Let l be j(z). Suppose 124 + 118 = 2*t. Calculate the highest common divisor of l and t.
11
Let z(t) = t**2 + 8*t - 7. Let k be z(-22). What is the highest common factor of k and 43?
43
Let o(m) = 4*m - 16. Let l be o(7). Suppose i + l = 4*i. Suppose -5*j - 6 = -2*k, 4*j - 12 = -i*k + 2*j. What is the greatest common factor of 3 and k?
3
Let u be 912/10 - (-2)/(-10). Suppose 586 = 9*y + u. Suppose 0 = 3*o, a - 3 - 8 = -4*o. What is the greatest common divisor of y and a?
11
Let h be (-33)/6 - 6/12. Let d be (h/(-12))/(3/324). What is the greatest common divisor of 18 and d?
18
Suppose i + 2 = -2*w, -3*w + 1 = i + 5. Suppose 3*x - 27 = -u, -i*x = -3 - 3. Calculate the highest common divisor of u and 18.
18
Let z(u) = -4*u**2 - 38*u + 18. Let g be z(-10). Let y be (30/(-12))/(5/g). Calculate the greatest common factor of y and 11.
1
Let a be (-4)/(-14) + (-4375)/49. Let n = a + 286. Suppose 3*c - 10 = n. What is the greatest common divisor of c and 46?
23
Let l(m) = -11*m + 59. Let n be l(4). Calculate the highest common divisor of 525 and n.
15
Let i(m) = -m**3 - m**2 + m + 41. Let v be i(0). Let w = v - 35. Calculate the highest common divisor of w and 2.
2
Let z be (-1)/(((-15)/(-6))/(-5)). Let i be ((-21)/(-6))/(z/108). Let j(t) = t - 6. Let m be j(33). Calculate the greatest common divisor of m and i.
27
Let n = -652 + 704. Let o be 50/4 - (-3)/6. What is the greatest common divisor of o and n?
13
Let j(r) = -21 - 27 + 63 + 3*r. Let t be j(24). What is the highest common divisor of 29 and t?
29
Suppose 4 = -2*j - 4*p + 34, -5*j - 4*p + 105 = 0. Let q = 656 - 381. What is the highest common factor of j and q?
25
Suppose 8*d - 3*d - 210 = 0. Suppose 38*g - d*g + 100 = 0. Calculate the highest common factor of 10 and g.
5
Let w = 78 + -69. Let u(r) = r**3 - 9*r**2 + 2*r + 30. Let m be u(w). Calculate the greatest common divisor of m and 16.
16
Let o = -19 + 38. Suppose -w + 29 - o = 0. What is the highest common divisor of w and 70?
10
Suppose -y = -2*y + 147. Let f be (-18 + 16)*14/(-4)*3. Calculate the greatest common divisor of f and y.
21
Let u = 41 + -36. Suppose -2*r + 10*z - 6 = u*z, 5*r - 47 = -3*z. What is the greatest common factor of r and 56?
7
Let z = 6 - 6. Suppose -5*i + 15 = v, -v - 6 + z = -2*i. Suppose v = -o + 5*k + 58 - 11, -308 = -4*o - 4*k. Calculate the highest common factor of o and 8.
8
Let x = 1 + 2. Let f(j) = -4*j + 9. Let u(t) = 5*t - 10. Let q(y) = x*f(y) + 4*u(y). Let p be q(14). What is the highest common factor of 9 and p?
9
Let j(h) = -h**2 - 2 + 4 - 4. Let p be j(-4). Let y = -12 - p. What is the greatest common factor of 2 and y?
2
Suppose -27*o + 828 = -792. Calculate the greatest common divisor of o and 280.
20
Let j(x) = -x - 4. Let o be j(-6). Suppose 0 = -o*s + 3*z + 57, 3*z = -2*z - 15. Let b be s/((21/(-2))/(-7)). What is the greatest common divisor of 24 and b?
8
Let n(i) be the first derivative of 17*i**3 + 4*i**2 - 12*i + 17. Let y be n(2). What is the greatest common factor of y and 13?
13
Let f(c) = 31*c - 128. Let w be f(5). What is the greatest common factor of w and 225?
9
Let b = -2 + 5. Suppose b*i + 0*j + 129 = -3*j, -3*i + 5*j = 97. Let t be i/(-4) + 3/12. Calculate the highest common divisor of t and 20.
10
Suppose -1 = -4*c + a, 3*c - 12 = 5*c + 2*a. Let q be 1 + (-16)/(2*c). Let d(x) = 139*x + 462. Let g be d(-3). What is the greatest common divisor of g and q?
9
Suppose -3*o + 29 = 5*i - o, 0 = 4*i - 5*o - 10. Let j = 4 + i. What is the greatest common divisor of 6 and j?
3
Suppose 0*a = -2*a + 26. Suppose -15*j - 16 = -7*j. Let v = a + j. What is the greatest common divisor of v and 11?
11
Suppose -3*v - 3*r = -87, 3*v + r = -3*r + 90. Let c be -4*30/(-16) + (-6)/4. Let b be 4/6 - (-2)/c*37. Calculate the greatest common factor of v and b.
13
Suppose -s - 2 = 0, 2*s + 2*s = -2*j + 16. Let f = 8 - 4. Let y =